git of g(k)?
1
Suppose -534 = -6*l + 1602. What is the hundreds digit of l?
3
What is the tens digit of 53840/48 + (-5)/3?
2
Let y be (2 + 2)/((-2)/(-3)). What is the tens digit of 2628/27 - 8/y?
9
Suppose -12*v = -14*v - 3*s + 746, s = 3*v - 1130. What is the tens digit of v?
7
Suppose r = 5*r - 204. Let u = 117 - r. Suppose -18 = 2*g - u. What is the tens digit of g?
2
Suppose -4*q - 60 = -0*q. Suppose 23 + 4 = r. Let a = q + r. What is the tens digit of a?
1
Let l be 11 + -10 - 11*-1. Suppose -l*p + 9*p + 21 = 0. What is the units digit of p?
7
Let r be (6/4)/((-3)/(-12)). Suppose -11*u + 40 = -r*u. Suppose 0 = 12*h - u*h - 8. What is the units digit of h?
2
Suppose 6*d = 2*d + 20. Suppose -x - 3 = -d. Suppose w - 4*y - 16 = -0*w, -x*w + 50 = y. What is the units digit of w?
4
What is the hundreds digit of (((-104)/3)/(-2))/((-85)/(-2805))?
5
Suppose 2*c = 5*l - 780, 0 = 3*l + 3*c - 194 - 295. What is the hundreds digit of l?
1
Let v be -2*(-49)/12 + (-62)/372. Suppose -2*c + 5 + 7 = -4*h, 2*h = 2*c - 14. What is the units digit of 13/c - (-3)/v?
2
What is the tens digit of (11 + -9)/(-1 - (-1196)/1194)?
9
Let k(m) = -m**3 + 2*m**2 + m. Let y be k(2). Let n be (-22)/(4/y) + -3. Let c = 31 + n. What is the units digit of c?
7
Suppose -152 = -4*x - 4*h, -2*x + 6*h + 61 = 3*h. Let r = 98 - x. What is the units digit of r?
3
Let z = 34 - 26. Let y be (70/40)/((-2)/z). What is the units digit of -2 + 48 - y/(-7)?
5
Let u(n) = n**2 + 17*n + 6. Let r be u(-17). Suppose 192 + r = 4*p - 2*h, 0 = 3*p + h - 141. What is the tens digit of p?
4
Let x be ((-4)/6)/((-2)/(-6)). Let l = x - -7. Suppose 2*z - 61 = -0*z + 5*j, l*j = -2*z + 31. What is the units digit of z?
3
Let w be (-3 + 4)/(3/549). What is the tens digit of (-4)/12*w*-1?
6
Suppose 28 + 4 = 2*g. Suppose 0 = 2*y - 4*p - 76, -p - g = y - 54. What is the units digit of y?
8
Suppose 2*v + 121 = -4*d + 1, 0 = -5*v - 3*d - 321. Let i = v + 134. What is the units digit of i?
8
Let f be -4*3*1/(-4). Suppose 0*g + f*g + 2*i - 322 = 0, -4*g + 431 = i. What is the tens digit of (g/(-45))/(1/(-5))?
1
Let c = 41 + -22. Let n(o) = 10*o - 38. What is the tens digit of n(c)?
5
Suppose -4*b + 4274 = 3*i, -31*i = -29*i + 3*b - 2850. What is the units digit of i?
2
Let h(s) = -23*s - 10. Let t(p) = -15*p - 7. Let w(f) = 5*h(f) - 8*t(f). Suppose 0*x + d = 5*x - 21, -x + 13 = 2*d. What is the units digit of w(x)?
1
Let j(g) = 13*g**3 + 2*g**2 + 24. What is the units digit of j(5)?
9
Let f(n) = n**2 - n. Let t(o) = o**2. Let l(w) = -14*w**2 + 3*w - 2. Let p(z) = -l(z) - 4*t(z). Let x(y) = -5*f(y) + p(y). What is the tens digit of x(-2)?
1
Suppose -20*f = -16*f - 32. Suppose 4*b - 4*y - 584 = -f*y, 2*y = 2*b - 292. What is the hundreds digit of b?
1
Suppose -1 = -g - 11. Let t = g + 15. Let z(p) = -p + 6. What is the units digit of z(t)?
1
What is the hundreds digit of 108/90*(19750/4)/5?
1
Let k = -1448 - -2670. What is the hundreds digit of k?
2
Let p = 530 - 434. What is the tens digit of p?
9
Let k be (-1)/4 - (6 - (-52)/(-16)). Let o = 22 - k. What is the tens digit of o?
2
Let z(l) = l**3 + 5*l**2 - 15. What is the tens digit of z(9)?
1
Let w(d) be the second derivative of d**4/12 + d**3/6 - 9*d**2/2 - 2*d. Let x be w(-7). Suppose x + 7 = 5*p. What is the units digit of p?
8
Suppose -8128 = -6*q + 2*q - 3*i, -2*q - 5*i + 4064 = 0. What is the hundreds digit of q?
0
Suppose -4*v + 4 = -44. Suppose s + 5*r = 2*r - v, 2*s - 11 = r. Suppose -s*p = -5*o + 2*o + 153, 5*o - 263 = 3*p. What is the tens digit of o?
5
Let r = -501 + 1015. What is the hundreds digit of r?
5
Suppose 4*g - 5*g = 0. Suppose x + h - 89 = -34, g = 5*x + h - 271. What is the units digit of x?
4
Let g be 150/54 - 2/(-9). Suppose -g*i - b - 16 = 0, 3*i - 5*b = -i + 4. Let n = 20 + i. What is the tens digit of n?
1
Suppose -4*u + 159*q + 21033 = 164*q, -3*u + 15774 = 4*q. What is the units digit of u?
2
Suppose 3*b - 110 = -2*u, b + 5*u = 3*b - 105. Let c = 90 + b. What is the hundreds digit of c?
1
Let k(j) = 1250*j**2 - 13*j + 17. What is the thousands digit of k(1)?
1
Let l = -463 + 833. What is the units digit of l?
0
What is the tens digit of (3407/2 - 3) + (-4)/8?
0
Let l(b) = -141*b - 224. What is the units digit of l(-20)?
6
Suppose 0 = 6*x - 7*x - 23. Let g = x - -25. Suppose -g*c + 385 = 3*c. What is the units digit of c?
7
Let f(s) be the first derivative of s**3/3 - 11*s**2/2 - 2*s + 2. Let l be f(10). Let t = l - -43. What is the units digit of t?
1
Let b be (2 - 6)*(2/4 + 0). What is the hundreds digit of b/9 + 23504/144?
1
Suppose 0 = -5*k + 2*k + 5*g - 6, 5*g - 8 = 4*k. What is the tens digit of (3 - (-1518)/(-18))*3/k?
2
What is the hundreds digit of ((-324 - 1) + -6)*-1?
3
What is the hundreds digit of 23 + -21 + -2 + 0 + 747?
7
Let h be -4 - -6*(0 - -1). Let g be (h/6)/(1/(-9)). What is the units digit of (-4)/(-2)*(g - -6)?
6
Let z(j) = -j**3 - 10*j**2 - 21*j - 32. Let o be z(-13). Suppose 9*v - 3*s - o = 4*v, 2*v + 3*s - 316 = 0. What is the tens digit of v?
5
Let d = 30 - 19. Suppose -d*v + 3459 = 379. What is the hundreds digit of v?
2
Suppose 18*d + 4*n - 1392 = 15*d, 5*d + 2*n - 2334 = 0. What is the tens digit of d?
6
Let g = 136 - -29. Let c be (9/(-12))/(2/(-16)). Suppose m - c*m = -g. What is the tens digit of m?
3
Suppose 0*j = -5*j + 25. Suppose 4*f = -l - 3*l + 88, j*l + 133 = 4*f. Let b = f + -6. What is the tens digit of b?
2
Let v(i) = -62*i - 58. What is the units digit of v(-14)?
0
Let k(r) = -3*r - 7. Let p(d) = -d**2 + 8*d. Let g be p(6). Suppose -3*x - g = 9. What is the tens digit of k(x)?
1
Suppose -2*n - 3*q = -0*n - 3, 2 = n + 2*q. Let c(v) = 5*v - 5 - 2*v + n - 5. What is the units digit of c(8)?
4
Let i = 1 + 8. What is the units digit of 42 - (-4 + i/3)?
3
Let m(b) = 12*b**2 - 17*b - 98. What is the hundreds digit of m(16)?
7
What is the tens digit of 177 - (5 - 6 - -7)?
7
Let j(w) = w**2 + 5*w - 3. Suppose 5*o - 7 = -4*d, -3*d - 9 = 4*o - 5*o. Suppose 2*m + 3*x - 12 = 0, -o*x - 3 = -3*m - 0. What is the tens digit of j(m)?
2
What is the hundreds digit of (74/3)/((-25)/(-525))?
5
Suppose 0 = z - 6*z - 3*r + 151, 3*z + 5*r - 97 = 0. What is the units digit of z?
9
Suppose -26 = -2*r + 22. Let z = 26 - r. Suppose -5*s = -10, 3*k + z*s - 74 = k. What is the units digit of k?
5
Suppose 6*n - 1363 = -349. Suppose 4*s = 175 + n. Suppose s = 2*x - 40. What is the tens digit of x?
6
Let z = -50 - -47. What is the tens digit of ((-1)/(-2))/(z*(-5)/1410)?
4
Let z = 581 - 164. What is the hundreds digit of z?
4
Let u(k) = -k**3 - 4*k**2 - 2*k - 5. Let f be u(-4). Suppose -4*t - 20 + 4 = -2*y, -f*t - 12 = 3*y. Let q = t + 11. What is the units digit of q?
7
Let i(l) = 2*l**2 + 17*l + 3. Let a(o) = o**2 + 8*o + 2. Let k(d) = -5*a(d) + 2*i(d). Suppose 0 = -2*m - 8. What is the units digit of k(m)?
4
Let b(q) = -4 + 8*q - q**3 - q + 3*q + 8*q**2. Let m be b(9). Suppose m*v - 6*v = -29. What is the tens digit of v?
2
Let f(a) = 2*a**2 - 4. Let i be f(0). Let w(x) be the second derivative of -x**5/10 - 5*x**4/12 + x**3/3 + 3*x**2 + 2*x. What is the units digit of w(i)?
6
What is the units digit of 19900/36 + 4*(-2)/(-36)?
3
Let b(x) = -x**3 - 17*x**2 + 14*x + 8. Let y be b(-18). Let t = 114 - y. What is the units digit of t?
4
Let s be 3/(-15) + 51/5. Let g(b) = 0*b**2 - 9*b**3 - 3*b + 8*b**2 + 2*b + 5 + s*b**3. What is the units digit of g(-8)?
3
Let p = 11065 - 7386. What is the hundreds digit of p?
6
Let v = -1945 + 3993. What is the thousands digit of v?
2
Let x = -198 - -339. Let y = x - 32. What is the units digit of y?
9
Suppose -4*y = 4*a - 9*a + 153, a - 25 = -2*y. Let c be 18/1*(-2)/(-4). Let j = c + a. What is the tens digit of j?
3
Let q be ((-14)/(-35))/(2/50). Let z(s) = 21*s - 10. What is the units digit of z(q)?
0
Let h(i) = 3*i**2 + 20*i - 35. What is the units digit of h(-12)?
7
Let c(q) = 8*q + 8. Let r(t) = -11*t**2 + 10*t - 23. Let s(m) = -7*m**2 + 7*m - 15. Let b(d) = -5*r(d) + 8*s(d). Let u be b(3). What is the tens digit of c(u)?
4
Let a be (160/(-24) + 6)/((-2)/(-318)). Let b = a - -330. What is the hundreds digit of b?
2
Let t = 1215 - 642. Let n = t - 399. What is the hundreds digit of n?
1
Let c = 606 + -284. What is the tens digit of c?
2
Let s(d) = -d**2 - 4*d - 19 - 5*d - 11*d. 